me number?
False
Is 11446 - (48/((-18)/(-3)) - 5) a prime number?
True
Let j = -15925 - -84318. Is j a prime number?
False
Let b(n) = -n**2 - 3*n - 2. Let h be b(-2). Suppose 4*q = 4*d - h*d + 2100, q - 4*d - 537 = 0. Is q a composite number?
False
Let d(x) = 36 - 9*x - 11*x - 87. Is d(-26) a prime number?
False
Let b(k) = -k**2 + 15*k - 30. Let z be b(10). Is (-6)/8 - (-229195)/z a prime number?
False
Let b = -48 - -42. Is (-95)/10*b + 5 a prime number?
False
Let g = 9 - 7. Suppose g*d + 142 + 552 = 0. Let a = 654 + d. Is a a composite number?
False
Let a(n) = -447*n. Let q be a(-2). Let r be (113*(-1)/(-2))/(3/12). Suppose -3*d = -4*m - d + q, d + r = m. Is m a prime number?
False
Let o(n) = -117*n**2 + 4*n - 3. Let k be o(4). Let z = 1225 + k. Is 1/5 + z/(-5) prime?
True
Let g be (-1)/(1/(-9) - 0). Suppose -g*v = 2248 - 11761. Is v a prime number?
False
Let a(h) = 3*h**2 - 11*h - 1. Let l be a(15). Let x = 830 - l. Is x composite?
True
Suppose 0 = -4*t + 8. Suppose -o = -t*o + 5. Suppose 0 = -2*d + 4*j + 1042, -o*d + 121 = -5*j - 2484. Is d a prime number?
True
Suppose -4*k + 1882 = -5*m, -4*k = -2*k - 2*m - 940. Suppose -v + 116 = -207. Let z = k - v. Is z a composite number?
True
Let g(m) be the third derivative of m**4/24 - 7*m**3/2 - 4*m**2. Let c be g(12). Let v = 22 + c. Is v a composite number?
False
Let t(m) = 5710*m + 121. Is t(4) a prime number?
True
Let z = -89 + 249. Let h = 221 + z. Is h composite?
True
Let q be (0 - 0) + 0/(-2). Suppose 3*k - 3 = q, z - 4*k = -z + 2194. Is z prime?
False
Let g = 171 - 82. Is g a prime number?
True
Suppose 0 = -5*g + 3*a + 19006, g - 10*a - 3794 = -7*a. Is g prime?
True
Let d = -253 + 1784. Is d composite?
False
Let q(h) = 319*h + 17. Is q(12) a prime number?
False
Let h(i) = i. Let g be h(0). Suppose 0*y - 3*y = g. Suppose y = -2*p + 12 + 160. Is p a composite number?
True
Suppose -425*o + 120109 = -414*o. Is o a prime number?
False
Let f be (-71 + 2)*5/(-15). Let t = f + 284. Is t prime?
True
Suppose 1 = -4*c - 15, 3*c + 166352 = 4*k. Is k prime?
False
Let i = 23 + -20. Suppose 11 = -3*j - g - g, i = -2*j + 3*g. Let o(l) = -18*l**3 + l**2 + 3*l + 1. Is o(j) a composite number?
False
Let d(q) = q**3 - 18*q**2 + 8*q + 8. Is d(21) a prime number?
True
Let h(w) = -2*w**3 + 2*w**2 - w. Let a be h(1). Let z be -2 + a - 1881/3. Let c = -311 - z. Is c a prime number?
False
Is (241146/(-3))/(1*-6) a composite number?
False
Suppose 2*i - 2*q = 18, -4 = 4*q - 20. Let o(t) = 84*t + 34. Is o(i) composite?
True
Let w(c) = -c. Let t be w(-2). Suppose 0 = -t*n + 3*n. Let i(s) = s**2 + s + 257. Is i(n) a prime number?
True
Let a(f) be the second derivative of f**7/2520 + f**6/80 - f**5/120 - f**4/12 + f. Let o(g) be the third derivative of a(g). Is o(6) composite?
False
Let p = 31 - 29. Suppose -3*u = -z + 404, -7*u + 3*u + 778 = p*z. Is z composite?
True
Let n = -2 + 6. Suppose -4*q + 2*q + 28 = -n*z, 2*z + 2*q = -20. Let b(k) = -k**3 - 3*k**2 + 11*k + 3. Is b(z) a composite number?
True
Let g be 2/((-4)/12*-2). Suppose 2*u + 759 = g*f, 2 = 5*u + 17. Is f prime?
True
Let i = 297 + -561. Let z = i + 518. Is z prime?
False
Let w(r) = 12*r - 5. Let o be w(2). Let h(s) = -o*s**3 + 2 + 4*s**3 - 3*s**3. Is h(-2) a prime number?
False
Let v be (-26)/(-6) - (-2)/(-6). Let f be 2 - 1*-1*v. Is f/8 + 274/8 composite?
True
Suppose -s = 4*q - 1397, 0 = -q - 2 + 6. Is s composite?
False
Suppose 0 = 25*b - 30*b + 15. Suppose 3*s - 6338 = -2*j, -b*j + 5*s = -4889 - 4580. Is j composite?
False
Let o be ((28/(-6))/(-7))/(6/27). Suppose 4*s - 2*q - 850 = 0, -q - o*q + 410 = 2*s. Is s composite?
False
Let k = -20211 - -29314. Is k a prime number?
True
Suppose -3*w + 9 + 3 = 0. Suppose 2*v = 3*z + 13, -z = -4*z - w*v - 37. Is 28*((-70)/8)/z a prime number?
False
Let i(f) = -f**3 + 9*f**2 + 11*f - 5. Let r(k) = k**2 - k + 4. Let y be r(3). Let b be i(y). Suppose p - 8 = b. Is p composite?
False
Let a = 13920 - 5971. Is a composite?
False
Let v = -1370 + 1303. Let s = 303 + -201. Let b = s + v. Is b composite?
True
Suppose -60*q - 32210 = -70*q. Is q composite?
False
Suppose -10 = 5*y + 10. Is (149/y)/((-4)/336*3) composite?
True
Suppose 5*z - 3*g - 72961 = 0, 0 = 4*z - 2*g - 27761 - 30607. Is z prime?
True
Let g be 5 + -3 + 1 + 8. Suppose -4*w = -5 - g. Is (-1)/(0 - w/236) a prime number?
True
Suppose -8*p - 2 = -7*p. Let v(w) = w**2 + w + 2. Let m be v(p). Is m/18 - 4564/(-36) prime?
True
Let f(r) = -10*r + 3*r**2 - r**2 + 19 + 4*r**2 - 4*r**2. Is f(-14) composite?
True
Let y(m) = 51*m**3 - 8*m**2 + 5*m - 11. Is y(5) a composite number?
True
Let f(c) = c**3 + 17*c**2 - 25*c + 16. Let a(y) = -y**2 + 5*y - 4. Let w be a(7). Is f(w) prime?
False
Let y(w) = -2*w**3 - 3*w**2 - 17*w - 7. Is y(-9) a prime number?
True
Suppose i = 5*i. Suppose 2*f - x - 72 = i, 2*x = -3*f + 53 + 62. Is f prime?
True
Suppose 9*n = 7*n + 1338. Let f = -278 + n. Is f a composite number?
True
Suppose 7 = 5*v - 3. Let x(i) = -6*i - 2 + 14*i**v - 3 + 2. Is x(5) a composite number?
False
Let t(o) = 111*o**3 - 7*o**2 + 26*o - 101. Is t(10) a composite number?
False
Let n(o) = 8*o - o**2 + 5*o + 3*o + 1. Suppose 0 = 4*l - 7*l + 9, 5*l = -2*h + 31. Is n(h) a prime number?
False
Suppose 2*c - 2*o + 3*o - 7 = 0, -9 = -2*c + o. Let l be (56/(-7))/((-2)/c). Suppose l*v = 12*v + 644. Is v a prime number?
False
Let l(f) be the third derivative of 16*f**5/15 + 11*f**3/6 - 14*f**2. Is l(3) a composite number?
False
Let v(j) = -16*j + 51. Is v(-40) a prime number?
True
Is (-1756104)/(-48)*(-4)/(-14) a composite number?
False
Is ((-2)/(-6))/(-3 - (-43868)/14622) prime?
True
Suppose -3*u + 7*u + 20 = 5*x, -4*u - 20 = 0. Suppose x = -2*v + 4*v. Suppose 0 = -v*c + 3*c - 921. Is c composite?
False
Let y(w) = -5*w**3 + 7*w**2 - 15*w + 21. Is y(-8) prime?
False
Suppose 17*f = -11*f + 57092. Is f a composite number?
False
Let b(k) = -215*k - 2. Let w be b(-1). Is ((-5)/2)/5 - w/(-2) composite?
True
Suppose 53*q - 43*q - 239570 = 0. Is q prime?
True
Suppose -n = 5*w - 1484, -18 - 2 = -4*w. Suppose n = 5*o - 576. Is o a prime number?
False
Let k(z) = 64*z**2 - 14*z + 4. Let v(i) = -13*i**2 + 3*i - 1. Let h(n) = -2*k(n) - 11*v(n). Is h(-4) composite?
False
Let o(x) = 3 + 4*x - 72 - 9*x + 13. Is o(-14) composite?
True
Is (2 + -7404 + -9)*-1 composite?
False
Let o(u) = -2*u**3 - 3*u - 7. Let z be o(-7). Let y be (7 + z)/(0 - -1). Suppose -c + 0*c = -y. Is c composite?
True
Let f be 8/12*(-351)/(-6). Suppose -3*x - 2*s + f = -168, 3*s + 58 = x. Is x composite?
False
Suppose 4*o - 4*w = 425228, 2*o + 5*w - 212624 = 2*w. Is o a composite number?
True
Suppose 0 = 5*k + 3*y - 84806, -2*k = -19*y + 21*y - 33920. Is k prime?
True
Suppose 0 = 2*h - t - 40110, -2*h - 3*t = -t - 40098. Is h composite?
True
Let n be (-20)/(-3*5/(-735)). Let b = 1927 + n. Is b prime?
True
Let n = 46 + -49. Is (-2)/(-2)*(n + 3 + 339) a prime number?
False
Suppose -4*n + 33829 = -3*u, -16937 = -5*n + 3*n - 3*u. Is n a prime number?
True
Suppose 3*t = -4*i + 28523, -3*t + 5*i - i + 28507 = 0. Is t a prime number?
False
Let w = -19915 + 36878. Is w composite?
False
Let y = 43412 + -22411. Is y a composite number?
False
Let s be 0 - ((0 - 4) + 4). Is (-5 + 4)/(1/(-941) - s) a composite number?
False
Suppose 49518 = 8*y - 16810. Suppose 6*w + y = 5*q + 4*w, 3*w + 6637 = 4*q. Is q prime?
True
Suppose -b = 5*l - 1141, b + 3*l = l + 1132. Is b composite?
True
Suppose -12974 = -7*m + 61653. Is m a prime number?
False
Let o(s) = s**2 - 11*s - 6. Let w be o(11). Let b be (6/5)/(w/680). Let l = 247 + b. Is l prime?
False
Suppose 0 = -50*c + 17*c + 823911. Is c a prime number?
True
Let t = 36913 + 144792. Is t a composite number?
True
Let g(o) = 5*o**2 + 6*o - 85. Is g(-20) prime?
False
Let o be (0 - 0) + -3 - (-8102 - -1). Suppose o = r + r. Is r a composite number?
False
Let p(f) = 53*f + 31. Let v(a) = a - 2. Let c(k) = -2*p(k) - 18*v(k). Is c(-3) composite?
True
Let c(z) = 1762*z**2 - 11*z - 27. Is c(-2) prime?
True
Let t be (-1 + -91)/(6/(-165)). Suppose 1455 + t = 5*n. Is n a prime number?
True
Let w = -1149 - -1956. Suppose -3*u - 5*x + 804 = 0, 3*u + 8*x - 4*x = w. Suppose -d + 404 + u = 0. Is d prime?
True
Suppose -4*y + 20 + 16 = 5*u, -2*u = -8. Let i = -74 - -74. Suppose -x - y*x + 2705 = i. Is x prime?
True
Le